hat is m(1)?
6
Suppose 4*o - 9 = 19. Let s(y) = -4*y**2 + o*y + 3*y**2 + 0*y**2 + 1 - 2. Let l be (15/(-6))/(2/(-4)). Give s(l).
9
Suppose -9 = -0*j - 3*j + y, 0 = 5*j + 2*y - 15. Suppose v + 5*i + j = -2, -2*v - 4*i = -2. Let g(o) = o**2 - 8*o + 3. Calculate g(v).
-12
Let q(v) = -v**3 + 5*v**2 + 5*v + 7. Let a be q(6). Let i be a - 3 - 78/13. Let h(n) = n + 2. What is h(i)?
-6
Let l(y) = y**2 + 4*y. Let u be (-1 - -2)*(0 - 0). Suppose 7*c - 2*c + 15 = 0, u = 2*i - c + 3. Give l(i).
-3
Let w be 4 + -1 - 11 - -2. Let b(i) = -i**3 - 7*i**2 - 7*i + 2. Give b(w).
8
Suppose -2*k + 5*i - 10 = -3*k, 19 = 4*k - i. Let a(j) = -j**3 + 4*j**2 + 2*j + 1. Calculate a(k).
-14
Suppose 5*x = 0, 3*x = -3*p - x - 18. Let l(c) = c**3 + 7*c**2 + 7*c - 4. Determine l(p).
-10
Let j(o) = o**3 - 3*o**2 - o - 5. Let z be 0 - (-3)/2*-2. Let w(i) = -i**3 + 3*i**2 + 4. Let u(b) = z*j(b) - 4*w(b). What is u(2)?
1
Let h(f) = -f + 26. Let r(a) = 9. Let y(d) = -3*h(d) + 8*r(d). Suppose s + 0 = 2. Suppose u - s = 2. Calculate y(u).
6
Let d(g) be the third derivative of g**6/120 + 7*g**5/60 + 7*g**4/24 + 3*g**3/2 + 3*g**2. Suppose m = 2*r + 16, -4*r - m = -2*r + 8. What is d(r)?
3
Let i(q) = -3 + 5 + 2*q - 3*q + 0*q. Determine i(3).
-1
Let a(p) be the first derivative of p**4/4 - 7*p**3/3 + 3*p**2/2 + 2*p + 34. What is a(6)?
-16
Suppose 0 = -4*s - 5*i - 40, i + 2*i - 13 = 5*s. Let f(b) = -6*b - 2. Let m(a) = -13*a - 3. Let v(w) = s*f(w) + 3*m(w). Give v(1).
-8
Let g(x) = 0 - 4 + 2*x**2 - 2*x - x**2 + 1. Determine g(3).
0
Let y(l) = -4*l + 1. Let v(h) = 6*h - 2*h - 2*h**2 - 3*h. Let x be v(1). Determine y(x).
5
Let k be 4 + -7*1/2. Let q(r) be the first derivative of -2 - k*r**2 + r. What is q(-5)?
6
Let j(x) = -7*x**2 - x. Suppose -10 - 10 = -2*w. Suppose -n + 2 = -0*t + t, 5*t + w = 0. Let a = n + -5. What is j(a)?
-6
Let x(a) = -3*a - 6. Let w(c) = 5*c + 11. Let j(i) = 4*w(i) + 7*x(i). Let t(v) = v - 6. Let h be t(9). What is j(h)?
-1
Suppose -6*c + 3*c + 36 = 0. Let w = 12 - c. Let t(r) = -1 + 2*r - 2*r**2 + 3*r**2 - r. What is t(w)?
-1
Let g(b) = 4*b**2 - 9*b. Let z(y) = -3*y**2 + 6*y. Let d = -11 + 6. Let i(q) = d*g(q) - 7*z(q). What is i(-5)?
10
Let f(z) be the third derivative of -z**6/120 - 2*z**5/15 - 5*z**4/12 - 3*z**3/2 + 24*z**2. Calculate f(-6).
-21
Let g be (0 - (2 - 2))/1. Suppose -3*m + 2*v + 9 = 3*v, g = 4*m - 3*v - 12. Let f(u) = -u**2 + 2*u - 3. Determine f(m).
-6
Suppose 16 = 4*v + 4. Let r(m) be the third derivative of -m**5/60 + m**4/12 + m**3/2 - 3*m**2. What is r(v)?
0
Let u(k) = -7*k**2 - k + 1. Suppose -3*f + 13 = o, -4*f + 2*f + 7 = -o. Give u(o).
-7
Let z(r) = 3*r - r**3 + 2*r - 2*r**2 + 0 + 4 + r**2. Calculate z(-3).
7
Let s(b) = -b**3 - 7*b**2 - 9*b - 9. Suppose -z = 4*z + 4*o + 38, -5*z + 2*o = 26. Give s(z).
9
Let s(c) = -8 - 2*c + 1 + 4 + 7. What is s(5)?
-6
Let l(w) = w**2 - 1. Let k(u) = -53*u**2 - 6*u + 21. Let z(b) = 18*b**2 + 2*b - 7. Let v(y) = 6*k(y) + 17*z(y). Let n(s) = -6*l(s) - v(s). Calculate n(1).
7
Let j(s) = s**2 + 5*s + 6. Let w be (-35)/(-14)*(-1 + 3). Let p(t) = t**3 - 5*t**2 - 2*t + 5. Let m be p(w). Determine j(m).
6
Let j(l) = -4*l - 7. Suppose 24 = -5*u - 1. Determine j(u).
13
Let p(w) be the third derivative of w**6/120 - w**5/15 + w**4/6 - w**3/3 - w**2. Suppose -6 + 4 = -n. Determine p(n).
-2
Let x(w) = -w - 17 + 23 - 13. What is x(7)?
-14
Suppose -4*j + 5*p + 14 = 2*p, 10 = 4*j - 5*p. Let d be (-1 + 3 - -3)*j. Suppose d = -4*s - s. Let i(q) = q + 3. Give i(s).
-2
Let h(s) = -2*s - 5. Let j(l) = l + 4. Let x(f) = -3*h(f) - 4*j(f). Give x(-3).
-7
Let c(v) = v**2 + 2*v - 3. Let f = -1 - -1. Let x(s) = 2*s + f + 1 + 0. Let m be x(-2). What is c(m)?
0
Suppose 0 = 6*h - 5*h - 3. Let y(b) = 3*b - 4. What is y(h)?
5
Let c(p) = 4*p + 13. Let u(v) = 3*v + 12. Let o(b) = -2*c(b) + 3*u(b). Determine o(0).
10
Suppose h = 5*d - 1 + 21, -16 = -3*h + 4*d. Let x = 0 + h. Let u(z) = 2*z - 2 + x*z + 0*z. Give u(-2).
-6
Let s(d) = d + 7. Suppose -3*m + m = -4. Let u(i) = -2*i - 2. Let g be u(m). Determine s(g).
1
Let s(n) = -n**2 + 1. Let g(b) = b**3 - 3*b**2 - 6*b + 2. Suppose 0 = a - 5*t + 6, -5*t = -2*a - t. Let l be g(a). Let j be (-9)/(l/2) - 1. Determine s(j).
-3
Suppose -3*v + 0*v + 6 = 0. Let h(f) = 1 - 3*f**2 + 5*f + 1 + 2*f**v + f**3 - 5*f**2. Let x be 10/(-1)*(-2)/4. Determine h(x).
2
Let r(v) = -v - 4. Suppose b + 21 = 4*b. Determine r(b).
-11
Let v(n) = -n - 2. Let s = 13 - 11. Determine v(s).
-4
Let m = 35 - 10. Suppose -5*f = 2*z - 35, 5*z - 10 - m = -2*f. Let h(r) = r**2 - 7*r + 5. Give h(f).
-5
Let b(u) = u**3 - 2*u**2 - 7*u + 6. Suppose -y - 5*k + 4 = 0, -3*k + 80 = -3*y + 2. Let h = 25 + y. Determine b(h).
10
Suppose -p = -3*p + 2. Let z(n) be the first derivative of -n - n**4 - 8 + n**2 - 1/3*n**3. Calculate z(p).
-4
Let v be 4/16*2*0. Let w(h) = -2 + 1 + h - 5*h + v*h. Determine w(2).
-9
Let m(a) = a + 1. Suppose -4*g + 6 = -2*g + 3*n, -15 = -5*g + 3*n. Suppose -g*i - 21 = -3*r + 6, r = 5*i + 13. Let s = r + -11. Calculate m(s).
-2
Let g(l) = l + 7. Let u = -14 - -18. Suppose 2*k - 10 = u*k. What is g(k)?
2
Let o = -1 + 5. Let c(j) = -o - j**3 + 3*j + 5*j**2 + 1 + 2*j**3. Let x = 1100 + -1104. Determine c(x).
1
Let h(v) be the first derivative of -v**2/2 - 5*v + 10. Determine h(0).
-5
Let k be 16/3*(-15)/10. Suppose 2*n = -0*n - 26. Let r = n - k. Let f(x) = -x + 1. Calculate f(r).
6
Let h(g) be the first derivative of g**3/3 - g**2/2 + g + 6. Let x be h(2). Let w(z) = -2*z - 2*z**2 - z**3 - 2 + 0*z + 2*z**3. Determine w(x).
1
Suppose -h + 0*h + 1 = 0. Let r be ((-2)/(-4))/(h/2). Suppose -q = -3 - r. Let l(n) = n**3 - 4*n**2 + n - 4. Determine l(q).
0
Let b(w) = -w**3 - w - 2. Suppose c = -1 + 10. Let n(r) = r - 9. Let u be n(c). What is b(u)?
-2
Let b(n) = n - 3. Let h be b(6). Suppose -h*l + 1 = -17. Let y(a) = -3*a**2 - 17*a + 13. Let c(d) = 2*d**2 + 9*d - 7. Let t(u) = 5*c(u) + 3*y(u). Give t(l).
4
Suppose 0*n - 24 = -4*n. Let y be (-1 - 0)/((-3)/n). Let u(m) = 2*m**3 + m - 2. Determine u(y).
16
Let y(n) = 20 - 19 + 2*n**2 - 3*n**2 - n. What is y(0)?
1
Let n(h) be the first derivative of -h**6/120 + h**5/15 + h**4/6 + 3*h**2/2 - 2. Let i(g) be the second derivative of n(g). Suppose 2*v - v = 5. Give i(v).
-5
Let b be (-2)/6 + (-7)/(-3). Let q be -2*(1*b - 0). Let p(w) = -1 + 4 + 3*w + 0. What is p(q)?
-9
Let w(n) be the second derivative of n**5/20 - 11*n**4/12 + n**3/6 - 5*n**2 - 15*n. What is w(11)?
1
Let j(k) = 5*k - 2*k - 4*k + 5*k. Calculate j(-3).
-12
Let g(q) = 0*q**3 - q - 2*q**2 + 26 - 14 - 9 - q**3. Let t(m) = -2*m**2 + 2*m + 1. Let w be t(2). Give g(w).
15
Let z(t) = -2*t + 4. Let c be z(4). Let n be 2/1*c - -3. Let l(s) = -s**2 - 5*s + 6. Give l(n).
6
Let t(u) = -u**2 + 9*u - 7. Let g be 28/(-3 - -7) + 0. Let n be t(g). Let c(l) = l**3 - 7*l**2. Give c(n).
0
Let r(c) = -6*c - 32. Let q be r(-6). Let s(a) be the first derivative of -1/3*a**3 - 3/4*a**q - a**2 - a - 1. Determine s(-1).
3
Let t(a) = a**2 - 4*a + 1. Let z be (9/9)/(2 - (-18)/(-10)). Give t(z).
6
Let i(f) = -f**3 + 6*f**2 - 5*f - 1. Let v be (3 - 3/1)/(-1). Suppose -2*s + 2 + 8 = v. Give i(s).
-1
Suppose -a - 3*t - 13 = 0, 0 = -3*a + 6*a + t + 15. Let q(x) = x**3 - 6*x**2 + 2*x - 6. Let h be q(6). Let z(f) = -f - h - f - f. Give z(a).
6
Let l(f) = -4*f**3 + f**2 + 2*f + 1. Let o be ((-2)/(-6))/((-1)/6). Let u = o - -1. What is l(u)?
4
Let z = -137 - -136. Let n(p) = 0*p**3 - 1 + p - 2*p - p**3. Give n(z).
1
Let f(u) = 3 - 1 - 4 + u. Let z(q) = -q**2 + 5*q - 6. Let t be z(2). Give f(t).
-2
Let j(r) = r + 73 - 8*r - 76. Calculate j(-2).
11
Let i(m) be the third derivative of m**4/12 + m**3/3 + 2*m**2. What is i(-2)?
-2
Let x(m) = -m**3 + 3*m**2 + m + 4. Suppose 4*g - 1 - 7 = 0. Suppose 5*o = 2*b + 46, 0*b + g*b = -6. Let d = -4 + o. Determine x(d).
-8
Suppose -t = -5*g - 11 + 37, 3*t = 12. Let a(u) be the third derivative of 1/8*u**4 + 0 - 1/30*u**5 - u**2 - 1/120*u**g + 0*u - 1/6*u**3. Calculate a(-3).
-1
Let x(l) = 7*l**2 - l. Suppose -3*a + 1 + 11 = -3*v, -3*v = -2*a + 7. Calculate x(v).
6
Let u = -2 + 2. Let s(t) = t**2 + 5*t - 6. Let a be s(3). Let o(j) = 8 + j + 6 - a. What is o(u)?
-4
Let f(i) be the second derivative of i**3/6 + 4*i**2 + 2*i. Suppose 0 = -3*s + 8*s. Determine f(s).
8
Let k(w) be the third derivative of 0 + 2/3*w*